REPLACE INTO `rvs_category` (`rvs_category_id`, `category_name`, `category_sh_name`) VALUES ('14', 'Jobs and Career', 'jo');
REPLACE INTO `rvs_charset` (`charset_id`, `charset_name`, `charset_value`, `xml_lang`) VALUES ('17', 'english', 'iso-8859-15', 'en');
REPLACE INTO `rvs_color` (`color_id`, `color_name`, `color_code`) VALUES ('10', 'Steelblue', '4682B4');
REPLACE INTO `rvs_color_group` (`color_group_id`, `color_id`) VALUES ('2', '10');
REPLACE INTO `rvs_color_group_name` (`color_group_id`, `default_color_id`) VALUES ('2', '8');
REPLACE INTO `rvs_component` (`rvs_component_id`, `component_name`, `rvs_owner_usr_id`, `use_wysiwyg`) VALUES ('2596bd1347a43234a5179a220f8c03f1', 'Online_Form', '527fcfa8b2141d38949e345ad5db57dc', '1');
REPLACE INTO `rvs_component_config` (`rvs_component_id`, `component_config`, `component_value`) VALUES ('2596bd1347a43234a5179a220f8c03f1', 'active', '1');
REPLACE INTO `rvs_component_config` (`rvs_component_id`, `component_config`, `component_value`) VALUES ('2596bd1347a43234a5179a220f8c03f1', 'isResellerConfig', '1');
REPLACE INTO `rvs_font` (`font_id`, `font_name`) VALUES ('12', 'Verdana');
REPLACE INTO `rvs_layout_template` (`layout_template_id`, `layout_template_name`, `layout_template_data`, `layout_template_desc`, `layout_template_preview`, `layout_template_head`, `layout_group_id`) VALUES ('10707e258bbbed8d5c3fb9779f829a39', 'Commerce style 1', '<!-- ####### LAYOUT CSS: MODIFY COLOR, FONT AND BOX SIZE HERE BUT DO NOT DELETE. ####### -->\r\n\r\n<style type=\"text/css\">\r\n.ftype01head{\r\n	color:#165582;\r\n	font-size:110%;\r\n	font-weight:bold;\r\n	padding:15px 5px 5px 3px;\r\n}\r\n.ftype01subhead{\r\n	font-size:110%;\r\n	font-weight:bold;\r\n	padding:5px 5px 5px 6px;\r\n}\r\n.ftype01subpad{padding:7px 5px 3px 5px;}\r\n.ftype01line{ background-color:C2C2C2;}\r\n.ftype01subline{ border-bottom:#C2C2C2 solid 1px;\r\n}\r\n.ftype01tab{background-image:url(images/tab.gif);\r\n	color:#7C7064;\r\n	font-size:110%;\r\n	font-weight:bold;\r\n	padding:3px 10px 3px 20px;\r\n}\r\n</style>\r\n<!-- ########################### END CSS LAYOUT ###########################  -->\r\n<table cellpadding=\"0\" cellspacing=\"0\" id=\"rv_template_layout\">\r\n		<tr>\r\n			<td align=\"left\" valign=\"top\">\r\n				<table cellpadding=\"5\" cellspacing=\"0\" width=\"100%\">\r\n					<tr>\r\n						<td align=\"left\" valign=\"top\">\r\n							<table cellpadding=\"5\" cellspacing=\"0\" width=\"100%\">\r\n							  <tr><td colspan=\"2\" class=\"ftype01tab\">Europan lingues</td></tr>\r\n							  <tr><td colspan=\"2\" height=\"15\"></td></tr>\r\n							  <tr><td valign=\"top\"><img src=\"images/80x80.gif\" alt=\"\" width=\"80\" height=\"80\" /></td>\r\n							  <td>Europan lingues</td></tr>\r\n							  <tr><td colspan=\"2\" height=\"15\"></td></tr>\r\n							</table>\r\n						</td>\r\n						<td align=\"left\" valign=\"top\">\r\n							<table cellpadding=\"5\" cellspacing=\"0\" width=\"100%\">\r\n							  <tr><td colspan=\"2\" class=\"ftype01tab\">Europan lingues</td></tr>\r\n							  <tr><td colspan=\"2\" height=\"15\"></td></tr>\r\n							  <tr><td valign=\"top\"><img src=\"images/80x80.gif\" alt=\"\" width=\"80\" height=\"80\" /></td>\r\n							  <td>Europan lingues</td></tr>\r\n							  <tr><td colspan=\"2\" height=\"15\"></td></tr>\r\n							</table>\r\n						</td>\r\n					</tr>\r\n					<tr>\r\n						<td align=\"left\" valign=\"top\">\r\n							<table cellpadding=\"5\" cellspacing=\"0\" width=\"100%\">\r\n							  <tr><td colspan=\"2\" class=\"ftype01tab\">Europan lingues</td></tr>\r\n							  <tr><td colspan=\"2\" height=\"15\"></td></tr>\r\n							  <tr><td valign=\"top\"><img src=\"images/80x80.gif\" alt=\"\" width=\"80\" height=\"80\" /></td>\r\n							  <td>Europan lingues</td></tr>\r\n							  <tr><td colspan=\"2\" height=\"15\"></td></tr>\r\n							</table>\r\n						</td>\r\n						<td align=\"left\" valign=\"top\">\r\n							<table cellpadding=\"5\" cellspacing=\"0\" width=\"100%\">\r\n							  <tr><td colspan=\"2\" class=\"ftype01tab\">Europan lingues</td></tr>\r\n							  <tr><td colspan=\"2\" height=\"15\"></td></tr>\r\n							  <tr><td valign=\"top\"><img src=\"images/80x80.gif\" alt=\"\" width=\"80\" height=\"80\" /></td>\r\n							  <td>Europan lingues</td></tr>\r\n							  <tr><td colspan=\"2\" height=\"15\"></td></tr>\r\n							</table>\r\n						</td>\r\n					</tr>\r\n					<tr><td colspan=\"2\"><hr width=\"100%\" /></td></tr>\r\n					<tr><td colspan=\"2\" align=\"left\" valign=\"top\">Lorem ipsum dolor sit amet, consetetur sadipscing elitr, sed diam nonumy eirmod tempor invidunt ut labore et dolore magna aliquyam erat, sed diam voluptua. At vero eos et accusam et justo duo dolores et ea rebum.</td></tr>\r\n				</table>\r\n			</td>\r\n			<td valign=\"top\" width=\"20%\">\r\n				<table cellpadding=\"2\" cellspacing=\"3\" width=\"100%\">\r\n					<tr>\r\n						<td valign=\"top\" colspan=\"2\"><img src=\"images/180x60.gif\" alt=\"\" width=\"180\" height=\"60\" /></td>\r\n					</tr>\r\n					<tr><td valign=\"top\" class=\"ftype01subhead\" colspan=\"2\">Europan lingues es membres</td></tr>\r\n					<tr>\r\n						<td valign=\"top\" class=\"ftype01subpad\"><img src=\"images/bullet.gif\" alt=\"\" width=\"4\" height=\"6\" /></td>\r\n						<td valign=\"top\" class=\"ftype01subline\" width=\"99%\">pro quo hic escorol.</td>\r\n					</tr>\r\n					<tr>\r\n						<td valign=\"top\" class=\"ftype01subpad\"><img src=\"images/bullet.gif\" alt=\"\" width=\"4\" height=\"6\" /></td>\r\n						<td valign=\"top\" class=\"ftype01subline\" width=\"99%\">pro quo hic escorol.</td>\r\n					</tr>\r\n					<tr>\r\n						<td valign=\"top\" class=\"ftype01subpad\"><img src=\"images/bullet.gif\" alt=\"\" width=\"4\" height=\"6\" /></td>\r\n						<td valign=\"top\" class=\"ftype01subline\" width=\"99%\">pro quo hic escorol.</td>\r\n					</tr>\r\n					<tr>\r\n						<td>&nbsp;</td>\r\n						<td>&nbsp;</td>\r\n					</tr>\r\n					<tr><td colspan=\"2\"><hr width=\"100%\" /></td></tr>\r\n					<tr><td valign=\"top\" class=\"ftype01subhead\" colspan=\"2\">Europan lingues es membres</td></tr>\r\n					<tr>\r\n						<td valign=\"top\" class=\"ftype01subpad\"><img src=\"images/bullet.gif\" alt=\"\" width=\"4\" height=\"6\" /></td>\r\n						<td valign=\"top\" class=\"ftype01subline\" width=\"99%\">pro quo hic escorol.</td>\r\n					</tr>\r\n					<tr>\r\n						<td valign=\"top\" class=\"ftype01subpad\"><img src=\"images/bullet.gif\" alt=\"\" width=\"4\" height=\"6\" /></td>\r\n						<td valign=\"top\" class=\"ftype01subline\" width=\"99%\">pro quo hic escorol.</td>\r\n					</tr>\r\n					<tr>\r\n						<td valign=\"top\" class=\"ftype01subpad\"><img src=\"images/bullet.gif\" alt=\"\" width=\"4\" height=\"6\" /></td>\r\n						<td valign=\"top\" class=\"ftype01subline\" width=\"99%\">pro quo hic escorol.</td>\r\n					</tr>\r\n					<tr>\r\n						<td>&nbsp;</td>\r\n						<td>&nbsp;</td>\r\n					</tr>\r\n					<tr><td colspan=\"2\"><hr width=\"100%\" /></td></tr>\r\n			  </table>\r\n			</td>\r\n		</tr>\r\n</table>', '', 'b_layoutCom01.jpg', '', '1');
REPLACE INTO `rvs_layout_group` (`layout_group_id`, `layout_group_name`, `layout_category_id`) VALUES ('1', 'commerce style', '1');
REPLACE INTO `rvs_navigator_name` (`navigator_name_id`, `navigator_name`) VALUES ('22', 'v_melody_Keys');
REPLACE INTO `rvs_navigator` (`navigator_id`, `menustyle_id`, `navigator_name_id`) VALUES ('44', '1', '22');
REPLACE INTO `forms` (`id`, `username`, `title`, `height`, `status`) VALUES ('aed3d295e9fd582959ae4759847dda7f', '05603b06e87b289ca8e05188197be8ef', 'contact us', '40', 'undefined');
REPLACE INTO `questions` (`form_id`, `id`, `order`, `type`) VALUES ('aed3d295e9fd582959ae4759847dda7f', '12', '4', 'control_textbox');
REPLACE INTO `questions` (`form_id`, `id`, `order`, `type`) VALUES ('aed3d295e9fd582959ae4759847dda7f', '8', '6', 'control_button');
REPLACE INTO `questions` (`form_id`, `id`, `order`, `type`) VALUES ('aed3d295e9fd582959ae4759847dda7f', '7', '5', 'control_textarea');
REPLACE INTO `questions` (`form_id`, `id`, `order`, `type`) VALUES ('aed3d295e9fd582959ae4759847dda7f', '2', '3', 'control_textbox');
REPLACE INTO `questions` (`form_id`, `id`, `order`, `type`) VALUES ('aed3d295e9fd582959ae4759847dda7f', '1', '2', 'control_textbox');
REPLACE INTO `questions` (`form_id`, `id`, `order`, `type`) VALUES ('aed3d295e9fd582959ae4759847dda7f', '0', '1', 'control_textbox');
REPLACE INTO `question_properties` (`form_id`, `question_id`, `prop`, `value`) VALUES ('aed3d295e9fd582959ae4759847dda7f', '0', 'desc', NULL);
REPLACE INTO `question_properties` (`form_id`, `question_id`, `prop`, `value`) VALUES ('aed3d295e9fd582959ae4759847dda7f', '0', 'maxsize', '100');
REPLACE INTO `question_properties` (`form_id`, `question_id`, `prop`, `value`) VALUES ('aed3d295e9fd582959ae4759847dda7f', '0', 'required', 'yes');
REPLACE INTO `question_properties` (`form_id`, `question_id`, `prop`, `value`) VALUES ('aed3d295e9fd582959ae4759847dda7f', '0', 'senderemail', 'no');
REPLACE INTO `question_properties` (`form_id`, `question_id`, `prop`, `value`) VALUES ('aed3d295e9fd582959ae4759847dda7f', '0', 'size', '20');
REPLACE INTO `question_properties` (`form_id`, `question_id`, `prop`, `value`) VALUES ('aed3d295e9fd582959ae4759847dda7f', '0', 'text', 'First Name');
REPLACE INTO `question_properties` (`form_id`, `question_id`, `prop`, `value`) VALUES ('aed3d295e9fd582959ae4759847dda7f', '0', 'validation', 'no');
REPLACE INTO `question_properties` (`form_id`, `question_id`, `prop`, `value`) VALUES ('aed3d295e9fd582959ae4759847dda7f', '1', 'desc', NULL);
REPLACE INTO `question_properties` (`form_id`, `question_id`, `prop`, `value`) VALUES ('aed3d295e9fd582959ae4759847dda7f', '1', 'maxsize', '100');
REPLACE INTO `question_properties` (`form_id`, `question_id`, `prop`, `value`) VALUES ('aed3d295e9fd582959ae4759847dda7f', '1', 'required', 'yes');
REPLACE INTO `question_properties` (`form_id`, `question_id`, `prop`, `value`) VALUES ('aed3d295e9fd582959ae4759847dda7f', '1', 'size', '20');
REPLACE INTO `question_properties` (`form_id`, `question_id`, `prop`, `value`) VALUES ('aed3d295e9fd582959ae4759847dda7f', '1', 'text', 'Last Name');
REPLACE INTO `question_properties` (`form_id`, `question_id`, `prop`, `value`) VALUES ('aed3d295e9fd582959ae4759847dda7f', '1', 'validation', 'no');
REPLACE INTO `question_properties` (`form_id`, `question_id`, `prop`, `value`) VALUES ('aed3d295e9fd582959ae4759847dda7f', '2', 'desc', NULL);
REPLACE INTO `question_properties` (`form_id`, `question_id`, `prop`, `value`) VALUES ('aed3d295e9fd582959ae4759847dda7f', '2', 'maxsize', '100');
REPLACE INTO `question_properties` (`form_id`, `question_id`, `prop`, `value`) VALUES ('aed3d295e9fd582959ae4759847dda7f', '2', 'required', 'yes');
REPLACE INTO `question_properties` (`form_id`, `question_id`, `prop`, `value`) VALUES ('aed3d295e9fd582959ae4759847dda7f', '2', 'senderemail', 'no');
REPLACE INTO `question_properties` (`form_id`, `question_id`, `prop`, `value`) VALUES ('aed3d295e9fd582959ae4759847dda7f', '2', 'size', '20');
REPLACE INTO `question_properties` (`form_id`, `question_id`, `prop`, `value`) VALUES ('aed3d295e9fd582959ae4759847dda7f', '2', 'text', 'E-mail');
REPLACE INTO `question_properties` (`form_id`, `question_id`, `prop`, `value`) VALUES ('aed3d295e9fd582959ae4759847dda7f', '2', 'validation', 'Email');
REPLACE INTO `question_properties` (`form_id`, `question_id`, `prop`, `value`) VALUES ('aed3d295e9fd582959ae4759847dda7f', '7', 'cols', '35');
REPLACE INTO `question_properties` (`form_id`, `question_id`, `prop`, `value`) VALUES ('aed3d295e9fd582959ae4759847dda7f', '7', 'desc', NULL);
REPLACE INTO `question_properties` (`form_id`, `question_id`, `prop`, `value`) VALUES ('aed3d295e9fd582959ae4759847dda7f', '7', 'required', 'yes');
REPLACE INTO `question_properties` (`form_id`, `question_id`, `prop`, `value`) VALUES ('aed3d295e9fd582959ae4759847dda7f', '7', 'rows', '10');
REPLACE INTO `question_properties` (`form_id`, `question_id`, `prop`, `value`) VALUES ('aed3d295e9fd582959ae4759847dda7f', '7', 'text', 'Your Message');
REPLACE INTO `question_properties` (`form_id`, `question_id`, `prop`, `value`) VALUES ('aed3d295e9fd582959ae4759847dda7f', '7', 'validation', 'no');
REPLACE INTO `question_properties` (`form_id`, `question_id`, `prop`, `value`) VALUES ('aed3d295e9fd582959ae4759847dda7f', '8', 'clear', 'no');
REPLACE INTO `question_properties` (`form_id`, `question_id`, `prop`, `value`) VALUES ('aed3d295e9fd582959ae4759847dda7f', '8', 'resettext', 'clear');
REPLACE INTO `question_properties` (`form_id`, `question_id`, `prop`, `value`) VALUES ('aed3d295e9fd582959ae4759847dda7f', '8', 'submittext', 'Submit');
REPLACE INTO `question_properties` (`form_id`, `question_id`, `prop`, `value`) VALUES ('aed3d295e9fd582959ae4759847dda7f', '8', 'text', NULL);
REPLACE INTO `question_properties` (`form_id`, `question_id`, `prop`, `value`) VALUES ('aed3d295e9fd582959ae4759847dda7f', '12', 'desc', NULL);
REPLACE INTO `question_properties` (`form_id`, `question_id`, `prop`, `value`) VALUES ('aed3d295e9fd582959ae4759847dda7f', '12', 'maxsize', '100');
REPLACE INTO `question_properties` (`form_id`, `question_id`, `prop`, `value`) VALUES ('aed3d295e9fd582959ae4759847dda7f', '12', 'required', 'no');
REPLACE INTO `question_properties` (`form_id`, `question_id`, `prop`, `value`) VALUES ('aed3d295e9fd582959ae4759847dda7f', '12', 'senderemail', 'no');
REPLACE INTO `question_properties` (`form_id`, `question_id`, `prop`, `value`) VALUES ('aed3d295e9fd582959ae4759847dda7f', '12', 'size', '20');
REPLACE INTO `question_properties` (`form_id`, `question_id`, `prop`, `value`) VALUES ('aed3d295e9fd582959ae4759847dda7f', '12', 'text', 'Phone');
REPLACE INTO `question_properties` (`form_id`, `question_id`, `prop`, `value`) VALUES ('aed3d295e9fd582959ae4759847dda7f', '12', 'validation', 'no');
REPLACE INTO `question_properties` (`form_id`, `question_id`, `prop`, `value`) VALUES ('aed3d295e9fd582959ae4759847dda7f', '999', 'alignment', 'default');
REPLACE INTO `question_properties` (`form_id`, `question_id`, `prop`, `value`) VALUES ('aed3d295e9fd582959ae4759847dda7f', '999', 'background', 'white');
REPLACE INTO `question_properties` (`form_id`, `question_id`, `prop`, `value`) VALUES ('aed3d295e9fd582959ae4759847dda7f', '999', 'conf_body', 'Thanks for submitting our form, we will get back to you as soon as possible.');
REPLACE INTO `question_properties` (`form_id`, `question_id`, `prop`, `value`) VALUES ('aed3d295e9fd582959ae4759847dda7f', '999', 'conf_send', 'no');
REPLACE INTO `question_properties` (`form_id`, `question_id`, `prop`, `value`) VALUES ('aed3d295e9fd582959ae4759847dda7f', '999', 'conf_subj', 'Contact us');
REPLACE INTO `question_properties` (`form_id`, `question_id`, `prop`, `value`) VALUES ('aed3d295e9fd582959ae4759847dda7f', '999', 'disabled', 'Enabled');
REPLACE INTO `question_properties` (`form_id`, `question_id`, `prop`, `value`) VALUES ('aed3d295e9fd582959ae4759847dda7f', '999', 'email', 'yes');
REPLACE INTO `question_properties` (`form_id`, `question_id`, `prop`, `value`) VALUES ('aed3d295e9fd582959ae4759847dda7f', '999', 'email_addr', 'shaker@bnbecl.com');
REPLACE INTO `question_properties` (`form_id`, `question_id`, `prop`, `value`) VALUES ('aed3d295e9fd582959ae4759847dda7f', '999', 'ext_sendpostdata', 'no');
REPLACE INTO `question_properties` (`form_id`, `question_id`, `prop`, `value`) VALUES ('aed3d295e9fd582959ae4759847dda7f', '999', 'font', 'Verdana');
REPLACE INTO `question_properties` (`form_id`, `question_id`, `prop`, `value`) VALUES ('aed3d295e9fd582959ae4759847dda7f', '999', 'fontcolor', '#3f4a4e');
REPLACE INTO `question_properties` (`form_id`, `question_id`, `prop`, `value`) VALUES ('aed3d295e9fd582959ae4759847dda7f', '999', 'fontsize', '12');
REPLACE INTO `question_properties` (`form_id`, `question_id`, `prop`, `value`) VALUES ('aed3d295e9fd582959ae4759847dda7f', '999', 'not_subj', 'New Submission: {qForm Title}');
REPLACE INTO `question_properties` (`form_id`, `question_id`, `prop`, `value`) VALUES ('aed3d295e9fd582959ae4759847dda7f', '999', 'sendpostdata', 'yes');
REPLACE INTO `question_properties` (`form_id`, `question_id`, `prop`, `value`) VALUES ('aed3d295e9fd582959ae4759847dda7f', '999', 'spamcheck', 'Enabled');
REPLACE INTO `question_properties` (`form_id`, `question_id`, `prop`, `value`) VALUES ('aed3d295e9fd582959ae4759847dda7f', '999', 'thanktext', 'Thanks for submitting our form, we will get back to you as soon as possible.');
REPLACE INTO `question_properties` (`form_id`, `question_id`, `prop`, `value`) VALUES ('aed3d295e9fd582959ae4759847dda7f', '999', 'theme', 'Default');
REPLACE INTO `question_properties` (`form_id`, `question_id`, `prop`, `value`) VALUES ('aed3d295e9fd582959ae4759847dda7f', '999', 'use_buildin_formmail', 'yes');
REPLACE INTO `question_properties` (`form_id`, `question_id`, `prop`, `value`) VALUES ('aed3d295e9fd582959ae4759847dda7f', '999', 'width', '100%');
REPLACE INTO `question_utf8` (`form_id`, `utf8format`) VALUES ('aed3d295e9fd582959ae4759847dda7f', '1');
REPLACE INTO `rvs_project_page_out_seggestion` (`project_page_id`, `out_suggestion_id`) VALUES ('1d7d55881c4a10bb563affd77a4987b1', '3');
REPLACE INTO `rvs_project_page_out_seggestion` (`project_page_id`, `out_suggestion_id`) VALUES ('aca28ca1b61efd5a3aa38eeb978752bb', '5');
REPLACE INTO `rvs_project_page_out_seggestion` (`project_page_id`, `out_suggestion_id`) VALUES ('a3873d8ac412eaf86bb24c9b145bda5c', '1');
REPLACE INTO `rvs_project_page_out_seggestion` (`project_page_id`, `out_suggestion_id`) VALUES ('c3ab8f8c627f8169718fa82b5e544a38', '9');
REPLACE INTO `rvs_out_suggestion` (`out_suggestion_id`, `out_suggestion_name`, `description_keylang`) VALUES ('3', 'News & Events', 'our suggestion News & Events description');
REPLACE INTO `rvs_out_suggestion` (`out_suggestion_id`, `out_suggestion_name`, `description_keylang`) VALUES ('5', 'Services', 'our suggestion Services description');
REPLACE INTO `rvs_out_suggestion` (`out_suggestion_id`, `out_suggestion_name`, `description_keylang`) VALUES ('1', 'Home', 'our suggestion Home description');
REPLACE INTO `rvs_out_suggestion` (`out_suggestion_id`, `out_suggestion_name`, `description_keylang`) VALUES ('9', 'Contact Us@@Online_Form', 'our suggestion Contact Us description');
REPLACE INTO `rvs_picture` (`picture_id`, `picture_name`) VALUES ('cb705e6ef4529db22eef9b8e7949df89', 'carpenter');
REPLACE INTO `rvs_project` (`project_id`, `project_info_id`, `rvs_usr_id`, `project_name`, `project_directory`, `utf8format`) VALUES ('05603b06e87b289ca8e05188197be8ef', 'f4c1e493c7438a3ebf2fa88f0b93b97b', 'a58e1206f0909922402c0d8698b5d9dd', 'BNB', '', '1');
REPLACE INTO `rvs_project_info` (`project_info_id`, `template_item_id`, `font_id`, `navigator_id`, `rvs_category_id`, `charset_id`, `project_company`, `project_slogan`, `project_logo`, `project_title`, `project_keyword`, `project_description`, `project_domain`, `check_step`, `effect_site_enter`, `duration_site_enter`, `last_update`, `layout_template_id`, `i_pathway`, `i_mail`, `i_print`, `i_favorite`, `no_slogan`, `no_company_name`, `navigator_name_id`) VALUES ('f4c1e493c7438a3ebf2fa88f0b93b97b', '317a7504e226c6d56b64ceac4933bb8d', '12', '81c69ff42109269c5f282c402619d456', '14', '17', '<div><font style=\"font-size: 24px\"><font face=\"Helvetica\"><font color=\"#10ef10\"><strong>BNB Engineers and Consultants Ltd</strong></font>&nbsp;</font></font></div>', '', 'NOPIC', 'BNB Engineers and Consultants LTD', '', '', 'bnbecl.com', '4', NULL, NULL, '1372195452', '10707e258bbbed8d5c3fb9779f829a39', '1', '1', '1', '1', '0', '0', '22');
REPLACE INTO `rvs_project_layout_page` (`project_id`, `project_page_id`, `parent_project_page_id`, `priority`) VALUES ('05603b06e87b289ca8e05188197be8ef', '1d7d55881c4a10bb563affd77a4987b1', '0', '3');
REPLACE INTO `rvs_project_layout_page` (`project_id`, `project_page_id`, `parent_project_page_id`, `priority`) VALUES ('05603b06e87b289ca8e05188197be8ef', 'aca28ca1b61efd5a3aa38eeb978752bb', '0', '2');
REPLACE INTO `rvs_project_layout_page` (`project_id`, `project_page_id`, `parent_project_page_id`, `priority`) VALUES ('05603b06e87b289ca8e05188197be8ef', 'a3873d8ac412eaf86bb24c9b145bda5c', '0', '1');
REPLACE INTO `rvs_project_layout_page` (`project_id`, `project_page_id`, `parent_project_page_id`, `priority`) VALUES ('05603b06e87b289ca8e05188197be8ef', 'c3ab8f8c627f8169718fa82b5e544a38', '0', '4');
REPLACE INTO `rvs_project_page` (`project_page_id`, `rvs_usr_id`, `page_name`, `custom_page_name`, `rvs_component_id`, `page_data`, `page_data_zone_2`, `page_data_zone_3`, `page_data_zone_4`, `colume_width_1`, `colume_width_2`, `colume_width_3`, `rvs_layout_id`, `head`, `page_title`, `meta_keyword`, `meta_description`, `effect_page_enter`, `duration_page_enter`, `meta_page_effect`, `rvs_link_id`, `target`, `form_template_id`, `i_pathway`, `i_mail`, `i_print`, `i_favorite`, `last_modifier`, `link_active`, `page_type`) VALUES ('1d7d55881c4a10bb563affd77a4987b1', 'a58e1206f0909922402c0d8698b5d9dd', 'News & Events', '', '0', '<table class=\"rvFrame\" cellspacing=\"1\" cellpadding=\"1\" width=\"780\">\n<tbody>\n<tr>\n<td class=\"tdSolid\" valign=\"top\" width=\"60%\" align=\"left\">\n<div class=\"dashView\">\n<table cellspacing=\"0\" cellpadding=\"10\" width=\"100%\"></table></div></td>\n<td class=\"tdSolid\" valign=\"top\" width=\"40%\" align=\"left\">\n<div class=\"dashView\">\n<table cellspacing=\"0\" cellpadding=\"0\" width=\"100%\"></table></div></td></tr>			</tbody></table>', '<table class=\"rvFrame\" cellspacing=\"1\" cellpadding=\"1\" width=\"780\">\n<tbody>\n<tr>\n<td class=\"tdSolid\" valign=\"top\" width=\"60%\" align=\"left\">\n<div class=\"dashView\">\n<table cellspacing=\"0\" cellpadding=\"10\" width=\"100%\"></table></div></td>\n<td class=\"tdSolid\" valign=\"top\" width=\"40%\" align=\"left\">\n<div class=\"dashView\">\n<table cellspacing=\"0\" cellpadding=\"0\" width=\"100%\">\n<tbody></tbody></table></div></td></tr>			</tbody></table>', '<table class=\"rvFrame\" cellspacing=\"1\" cellpadding=\"1\" width=\"780\">\n<tbody>\n<tr>\n<td class=\"tdSolid\" valign=\"top\" width=\"60%\" align=\"left\">\n<div class=\"dashView\"></div>\n<div class=\"dashView\">\n<table cellspacing=\"0\" cellpadding=\"10\" width=\"100%\">\n<tbody>\n<tr>\n<td style=\"padding: 5px 0px\" valign=\"top\" colspan=\"2\">\n<div style=\"margin: 2px; font-size: 1.3em\">&nbsp;</div></td>\n<div><span></span></div></tr>\n<div><span></span></div>\n<tr>\n<div><span></span></div>\n<td valign=\"top\">\n<div><span></span>&nbsp;</div></td>\n<div><span></span></div>\n<td valign=\"top\" width=\"99%\">\n<div><span>\n<li></li>\n<div class=\"dashView\"></div></span></div></td>\n<div><span></span></div></tr>\n<div><span></span></div>\n<tr>\n<div><span></span></div>\n<td style=\"padding: 5px\" valign=\"top\" colspan=\"2\" align=\"left\">\n<div><span>,</span></div></td>\n<div><span></span></div></tr>\n<div><span></span></div></tbody></table></div>\n<div class=\"dashView\"><span></span></div>\n<div><span></span></div></td>\n<div><span></span></div>\n<td class=\"tdSolid\" valign=\"top\" width=\"40%\" align=\"left\">\n<div><span></span></div>\n<div class=\"dashView\"><span></span></div>\n<div class=\"dashView\">\n<table cellspacing=\"0\" cellpadding=\"0\" width=\"100%\">\n<div></div></table></div>\n<div class=\"dashView\">&nbsp;</div></td></tr>			</tbody></table>', NULL, NULL, NULL, NULL, '5', '', '', '', '', NULL, NULL, '', '', '', '', NULL, NULL, NULL, NULL, '1372197122', NULL, NULL);
REPLACE INTO `rvs_project_page` (`project_page_id`, `rvs_usr_id`, `page_name`, `custom_page_name`, `rvs_component_id`, `page_data`, `page_data_zone_2`, `page_data_zone_3`, `page_data_zone_4`, `colume_width_1`, `colume_width_2`, `colume_width_3`, `rvs_layout_id`, `head`, `page_title`, `meta_keyword`, `meta_description`, `effect_page_enter`, `duration_page_enter`, `meta_page_effect`, `rvs_link_id`, `target`, `form_template_id`, `i_pathway`, `i_mail`, `i_print`, `i_favorite`, `last_modifier`, `link_active`, `page_type`) VALUES ('aca28ca1b61efd5a3aa38eeb978752bb', 'a58e1206f0909922402c0d8698b5d9dd', 'Services', '', '0', '<table class=\"rvFrame\" cellspacing=\"1\" cellpadding=\"1\" width=\"780\">\n<tbody>\n<tr></tr>	</tbody></table>', '<table class=\"rvFrame\" cellspacing=\"1\" cellpadding=\"1\" width=\"780\">\n<tbody>\n<tr>\n<td class=\"tdSolid\" valign=\"top\" width=\"100%\" align=\"left\">\n<div class=\"dashView\"></div></td>\n<td class=\"tdSolid\" valign=\"top\" width=\"100%\" align=\"left\">\n<div class=\"dashView\"></div></td>\n<td class=\"tdSolid\" valign=\"top\" width=\"100%\" align=\"left\">\n<div class=\"dashView\"></div></td></tr>\n<tr>\n<td class=\"tdSolid\" valign=\"top\" width=\"100%\" colspan=\"3\" align=\"left\">\n<div class=\"dashView\"></div></td></tr>	</tbody></table>', NULL, NULL, NULL, NULL, NULL, '4', '', '', '', '', NULL, NULL, '', '', '', '', NULL, NULL, NULL, NULL, '1372197022', NULL, NULL);
REPLACE INTO `rvs_project_page` (`project_page_id`, `rvs_usr_id`, `page_name`, `custom_page_name`, `rvs_component_id`, `page_data`, `page_data_zone_2`, `page_data_zone_3`, `page_data_zone_4`, `colume_width_1`, `colume_width_2`, `colume_width_3`, `rvs_layout_id`, `head`, `page_title`, `meta_keyword`, `meta_description`, `effect_page_enter`, `duration_page_enter`, `meta_page_effect`, `rvs_link_id`, `target`, `form_template_id`, `i_pathway`, `i_mail`, `i_print`, `i_favorite`, `last_modifier`, `link_active`, `page_type`) VALUES ('a3873d8ac412eaf86bb24c9b145bda5c', 'a58e1206f0909922402c0d8698b5d9dd', 'Home', '', '0', '<table class=\"rvFrame\" cellspacing=\"1\" cellpadding=\"1\" width=\"780\">\n<tbody>\n<tr>\n<td class=\"tdSolid\" valign=\"top\" rowspan=\"2\" width=\"230\" align=\"left\">\n<table cellspacing=\"0\" cellpadding=\"0\" width=\"100%\">	\n<tbody>\n<tr>\n<td valign=\"top\" align=\"left\">\n<div class=\"dashView\">\n<table cellspacing=\"0\" cellpadding=\"5\">\n<tbody>\n<tr>\n<td style=\"padding: 5px 0px\" valign=\"top\" colspan=\"2\">\n<h2 style=\"margin: 2px; font-size: 1.3em\">&nbsp;</h2></td></tr>\n<tr>\n<td valign=\"top\" width=\"99%\">\n<p>&nbsp;</p>\n<ul style=\"padding: 0px; margin-left: 15px\">\n<li></li></ul>\n<p align=\"right\"><strong></strong>&nbsp;</p></td></tr></tbody></table>\n<table cellspacing=\"0\" cellpadding=\"5\" width=\"40%\">\n<tbody>\n<tr>\n<td valign=\"top\" width=\"99%\" align=\"left\">\n<h2 style=\"margin: 0px 1px 10px; font-size: 1.2em\">&nbsp;</h2>\n\n&nbsp;&nbsp;&nbsp;&nbsp;&nbsp;&nbsp;&nbsp;&nbsp;&nbsp;	</td></tr></tbody></table></div></td></tr></tbody></table></td>\n<td class=\"tdSolid\" valign=\"top\" colspan=\"2\" align=\"left\">\n<div class=\"dashView\">\n<table cellspacing=\"0\" cellpadding=\"3\">\n<tbody>\n<tr>\n<td style=\"padding: 5px 0px\" valign=\"top\" colspan=\"2\">\n<h2 style=\"margin: 2px; font-size: 1.3em\">&nbsp;</h2></td></tr>\n<tr>\n<td style=\"padding: 0px 10px 0px 0px\" valign=\"top\"></td>\n<td valign=\"top\" width=\"99%\">\n<h2 style=\"margin: 0px 1px 10px; font-size: 1.1em\"><em>&nbsp;</em></h2>\n<p>&nbsp;</p>\n<p align=\"right\"><strong style=\"padding-right: 10px\">&nbsp;</strong></p></td></tr></tbody></table></div></td></tr>\n<tr>\n<td class=\"tdSolid\" valign=\"top\" align=\"left\">\n<div class=\"dashView\">\n<table cellspacing=\"0\" cellpadding=\"5\" width=\"100%\">\n<tbody>\n<tr>\n<td valign=\"top\" width=\"99%\" align=\"left\">\n<h2 style=\"margin: 0px 1px 10px; font-size: 1.2em\">&nbsp;</h2></td></tr>\n<tr>\n<td valign=\"top\" width=\"99%\" align=\"left\"></td></tr></tbody></table>					</div></td>\n<td class=\"tdSolid\" valign=\"top\" align=\"left\">\n<div class=\"dashView\">\n<table cellspacing=\"0\" cellpadding=\"5\" width=\"40%\">\n<tbody>\n<tr>\n<td valign=\"top\" width=\"99%\" align=\"left\">\n<h2 style=\"margin: 0px 1px 10px; font-size: 1.2em\">&nbsp;</h2>\n\n&nbsp;&nbsp;&nbsp;&nbsp;&nbsp;&nbsp;	</td></tr>\n<tr>\n<td valign=\"top\" width=\"99%\" align=\"right\">\n<p><strong></strong>&nbsp;</p></td></tr></tbody></table></div></td></tr></tbody></table>', NULL, NULL, NULL, NULL, NULL, NULL, '1', '', '', '', '', NULL, NULL, '', '', '', '', NULL, NULL, NULL, NULL, '1372196295', NULL, NULL);
REPLACE INTO `rvs_project_page` (`project_page_id`, `rvs_usr_id`, `page_name`, `custom_page_name`, `rvs_component_id`, `page_data`, `page_data_zone_2`, `page_data_zone_3`, `page_data_zone_4`, `colume_width_1`, `colume_width_2`, `colume_width_3`, `rvs_layout_id`, `head`, `page_title`, `meta_keyword`, `meta_description`, `effect_page_enter`, `duration_page_enter`, `meta_page_effect`, `rvs_link_id`, `target`, `form_template_id`, `i_pathway`, `i_mail`, `i_print`, `i_favorite`, `last_modifier`, `link_active`, `page_type`) VALUES ('c3ab8f8c627f8169718fa82b5e544a38', 'a58e1206f0909922402c0d8698b5d9dd', 'Contact Us', '', '2596bd1347a43234a5179a220f8c03f1', '<img id=\"DragAndDropForm_aed3d295e9fd582959ae4759847dda7f\" class=\"jotForm\" border=\"1\" name=\"DragAndDropForm_aed3d295e9fd582959ae4759847dda7f\" alt=\"\" align=\"center\" width=\"600\" height=\"600\" formtype=\"jotform\" frmid=\"aed3d295e9fd582959ae4759847dda7f\" src=\"/3rdparty/rvsitebuilder/themes/default/sitebuilder/images/layouttemplate/10707e258bbbed8d5c3fb9779f829a39/spacer.gif\" /><br />\n<div>&nbsp;</div>\n<div>&nbsp;</div>\n<div>&nbsp;&nbsp;&nbsp;&nbsp;&nbsp;&nbsp;&nbsp;&nbsp;&nbsp;&nbsp;&nbsp;&nbsp;&nbsp;&nbsp;&nbsp;&nbsp;&nbsp;&nbsp;&nbsp;&nbsp;&nbsp;&nbsp;&nbsp;&nbsp;&nbsp;&nbsp;&nbsp;&nbsp;&nbsp;&nbsp;&nbsp;&nbsp;&nbsp;&nbsp;&nbsp;&nbsp;&nbsp;&nbsp;&nbsp;&nbsp;&nbsp;&nbsp;&nbsp;&nbsp;&nbsp;&nbsp;&nbsp;&nbsp;&nbsp;&nbsp;&nbsp;&nbsp;&nbsp;&nbsp;&nbsp;&nbsp;&nbsp;&nbsp;&nbsp;&nbsp;&nbsp;&nbsp;&nbsp;&nbsp;&nbsp;&nbsp;&nbsp;&nbsp;&nbsp;&nbsp; &nbsp;<font style=\"font-size: medium\"> <font color=\"#0000ff\">13 Kawran Bazar. T.K. Bhaban (9th Flr) Dhaka. Bangladesh. Emails:shaker@bnbecl.com or </font></font><a href=\"&#109;&#97;&#105;&#108;&#116;&#111;&#58;&#97;&#110;&#119;&#97;&#114;&#64;&#98;&#110;&#98;&#101;&#99;&#108;&#46;&#99;&#111;&#109;\"><font style=\"font-size: medium\" color=\"#0000ff\">&#97;&#110;&#119;&#97;&#114;&#64;&#98;&#110;&#98;&#101;&#99;&#108;&#46;&#99;&#111;&#109;</font></a></div>\n<div><font style=\"font-size: medium\">&nbsp;</font></div>', NULL, NULL, NULL, NULL, NULL, NULL, '1', '', '', '', '', NULL, NULL, '', '', '', '', NULL, NULL, NULL, NULL, '1372196528', NULL, NULL);
REPLACE INTO `rvs_publish` (`project_id`, `rvs_publish_protocal`, `rvs_publish_domain`, `rvs_publish_path`, `rvs_domain_path`) VALUES ('05603b06e87b289ca8e05188197be8ef', 'http', 'bnbecl.com', '', '/home/bnbeclco/public_html');
REPLACE INTO `rvs_template_item` (`template_item_id`, `products_id`, `template_id`, `template_item_folder`, `template_type_s_preview`, `color_id`, `picture_id`) VALUES ('317a7504e226c6d56b64ceac4933bb8d', '18-558-1', '317a7504e226c6d56b64ceac4933bb8d', 'pro_18-558-1_blue_carpenter_1', 'jpg', '10', 'cb705e6ef4529db22eef9b8e7949df89');
REPLACE INTO `rvs_template_item_navigator_color` (`template_item_id`, `custom_color_group_id`) VALUES ('317a7504e226c6d56b64ceac4933bb8d', '2');
REPLACE INTO `rvs_template` (`template_id`, `default_template_item_id`, `default_template_item_id2`, `font_id`, `menustyle_id`, `navigator_id`, `default_layout_id`, `sort_priority`, `cdate`) VALUES ('317a7504e226c6d56b64ceac4933bb8d', '317a7504e226c6d56b64ceac4933bb8d', '', '12', '1', '44', '1', '200', '1175644800');
REPLACE INTO `rvs_menustyle` (`menustyle_id`, `menustyle_description`) VALUES ('1', 'vertical');
REPLACE INTO `rvs_template_categories_xref` (`template_id`, `rvs_category_id`) VALUES ('317a7504e226c6d56b64ceac4933bb8d', '14');
REPLACE INTO `rvs_template_categories_xref` (`template_id`, `rvs_category_id`) VALUES ('317a7504e226c6d56b64ceac4933bb8d', '18');
REPLACE INTO `rvs_template_type_xref` (`template_id`, `template_type_id`) VALUES ('317a7504e226c6d56b64ceac4933bb8d', '5');
REPLACE INTO `rvs_template_type` (`template_type_id`, `template_type_name`) VALUES ('5', 'Monochrome');
REPLACE INTO `rvs_usr` (`rvs_usr_id`, `user_name`) VALUES ('a58e1206f0909922402c0d8698b5d9dd', 'bnbeclco');
